he greatest common factor of 4950 and 2025?
225
Calculate the greatest common factor of 56 and 42.
14
Calculate the greatest common divisor of 1782 and 22.
22
What is the greatest common divisor of 12 and 348?
12
Calculate the greatest common divisor of 767 and 13.
13
Calculate the highest common factor of 1358 and 14.
14
What is the highest common factor of 11439 and 82?
41
Calculate the highest common divisor of 403 and 91.
13
What is the highest common factor of 9656 and 272?
136
Calculate the highest common divisor of 2235 and 5.
5
What is the greatest common factor of 1936 and 121?
121
What is the highest common factor of 40 and 270?
10
What is the greatest common factor of 1020 and 12?
12
What is the greatest common factor of 29 and 1?
1
Calculate the greatest common factor of 23616 and 16.
16
Calculate the highest common divisor of 9 and 225.
9
Calculate the greatest common factor of 119 and 1.
1
What is the highest common divisor of 12283 and 865?
173
Calculate the highest common factor of 220 and 176.
44
Calculate the highest common divisor of 54 and 1836.
54
What is the greatest common divisor of 2154 and 84?
6
What is the highest common divisor of 551 and 58?
29
Calculate the greatest common factor of 14 and 259.
7
What is the greatest common divisor of 26 and 5109?
13
Calculate the greatest common divisor of 155 and 31.
31
What is the greatest common factor of 24 and 48?
24
What is the greatest common factor of 575 and 25?
25
What is the greatest common divisor of 110 and 70?
10
What is the greatest common factor of 75 and 1155?
15
What is the highest common factor of 17658 and 54?
54
Calculate the greatest common divisor of 615 and 15.
15
What is the highest common factor of 210 and 336?
42
Calculate the greatest common factor of 172 and 4.
4
Calculate the highest common divisor of 120 and 75.
15
What is the greatest common divisor of 7 and 49?
7
Calculate the greatest common factor of 297 and 54.
27
What is the highest common divisor of 740 and 3404?
148
What is the highest common factor of 301 and 43?
43
Calculate the highest common factor of 1076 and 2.
2
What is the greatest common factor of 1206 and 144?
18
What is the greatest common divisor of 24 and 6920?
8
Calculate the highest common divisor of 59 and 649.
59
Calculate the highest common factor of 135 and 9.
9
What is the greatest common divisor of 5110 and 70?
70
What is the highest common divisor of 13496 and 42?
14
Calculate the highest common divisor of 220 and 176.
44
What is the greatest common factor of 26 and 897?
13
What is the highest common divisor of 1112 and 200?
8
Calculate the greatest common factor of 27 and 7902.
9
What is the highest common factor of 2574 and 3744?
234
What is the highest common divisor of 42 and 16674?
42
What is the greatest common divisor of 134 and 37654?
134
Calculate the greatest common factor of 41 and 16.
1
What is the greatest common divisor of 575 and 23?
23
Calculate the highest common factor of 13185 and 90.
45
Calculate the highest common factor of 774 and 18.
18
What is the greatest common divisor of 5146 and 498?
166
Calculate the highest common factor of 160 and 220.
20
Calculate the highest common divisor of 2028 and 260.
52
Calculate the greatest common factor of 34656 and 96.
96
What is the greatest common divisor of 80 and 30?
10
What is the highest common divisor of 70 and 315?
35
What is the highest common divisor of 1337 and 14?
7
Calculate the greatest common factor of 159 and 1113.
159
Calculate the greatest common divisor of 200 and 25.
25
What is the highest common divisor of 644 and 28?
28
What is the highest common factor of 11 and 4037?
11
Calculate the highest common divisor of 208 and 78.
26
Calculate the highest common factor of 384 and 528.
48
Calculate the highest common factor of 270 and 10.
10
Calculate the greatest common divisor of 60 and 200.
20
What is the greatest common divisor of 3 and 106?
1
What is the greatest common factor of 85 and 1241?
17
What is the greatest common factor of 16 and 10?
2
What is the highest common divisor of 16837 and 596?
149
Calculate the greatest common divisor of 3 and 20721.
3
Calculate the greatest common factor of 12 and 2916.
12
Calculate the highest common divisor of 46 and 161.
23
Calculate the highest common divisor of 84 and 45948.
84
Calculate the greatest common divisor of 292 and 365.
73
Calculate the highest common factor of 42 and 96.
6
Calculate the greatest common divisor of 5 and 329.
1
What is the highest common divisor of 50 and 2825?
25
What is the greatest common factor of 88 and 2002?
22
What is the highest common divisor of 147 and 28?
7
What is the greatest common factor of 40 and 45?
5
Calculate the greatest common divisor of 306 and 2210.
34
What is the highest common factor of 12 and 1816?
4
Calculate the greatest common divisor of 190 and 10.
10
Calculate the highest common divisor of 645 and 255.
15
What is the highest common factor of 1305 and 3?
3
What is the greatest common divisor of 623 and 267?
89
Calculate the highest common divisor of 36 and 243.
9
What is the highest common divisor of 8004 and 2436?
348
What is the greatest common factor of 4752 and 176?
176
What is the highest common factor of 121 and 297?
11
Calculate the highest common factor of 52 and 3731.
13
Calculate the greatest common factor of 270 and 81.
27
What is the highest common divisor of 8 and 556?
4
Calculate the greatest common divisor of 8 and 9.
1
Calculate the highest common divisor of 4448 and 695.
139
Calculate the greatest common divisor of 18 and 1962.
18
What is the greatest common divisor of 598 and 78?
26
Calculate the highest common factor of 2682 and 54.
18
What is the greatest common factor of 26 and 832?
26
What is the greatest common divisor of 87 and 58?
29
What is the greatest common factor of 224 and 3696?
112
Calculate the highest common divisor of 6290 and 680.
170
Calculate the highest common factor of 437 and 207.
23
Calculate the highest common factor of 507 and 39.
39
Calculate the greatest common factor of 32935 and 70.
35
What is the highest common factor of 23 and 736?
23
Calculate the greatest common factor of 153 and 85.
17
What is the greatest common divisor of 30 and 410?
10
What is the highest common divisor of 500 and 20?
20
Calculate the highest common factor of 63 and 14.
7
What is the highest common factor of 4156 and 20?
4
What is the highest common divisor of 3718 and 22?
22
Calculate the greatest common divisor of 760 and 40.
40
Calculate the highest common factor of 8051 and 97.
97
What is the highest common factor of 39 and 1053?
39
What is the greatest common factor of 7 and 644?
7
What is the greatest common factor of 221 and 39?
13
What is the greatest common factor of 4810 and 1170?
130
What is the highest common divisor of 52 and 19370?
26
Calculate the greatest common divisor of 62 and 3937.
31
Calculate the highest common factor of 34 and 969.
17
What is the greatest common divisor of 455 and 598?
13
What is the highest common divisor of 3154 and 166?
166
Calculate the greatest common factor of 780 and 416.
52
Calculate the greatest common divisor of 17 and 527.
17
Calculate the highest common divisor of 940 and 320.
20
Calculate the highest common factor of 1190 and 70.
70
What is the highest common divisor of 675 and 459?
27
What is the highest common factor of 693 and 99?
99
What is the highest common factor of 18 and 558?
18
Calculate the highest common factor of 58 and 783.
29
What is the highest common divisor of 1197 and 21?
21
What is the greatest common divisor of 414 and 4830?
138
Calculate the greatest common factor of 2504 and 232.
8
Calculate the greatest common factor of 294 and 231.
21
Calculate the greatest common divisor of 144 and 336.
48
Calculate the greatest common factor of 12432 and 504.
168
Calculate the highest common factor of 150 and 3030.
30
What is the greatest common divisor of 99 and 11?
11
What is the highest common factor of 5 and 215?
5
What is the greatest common factor of 247 and 38?
19
Calculate the greatest common divisor of 1148 and 16933.
287
What is the greatest common divisor of 22 and 34?
2
Calculate the greatest common factor of 36 and 480.
12
Calculate the greate